{"id":9690,"date":"2023-05-20T14:48:54","date_gmt":"2023-05-20T14:48:54","guid":{"rendered":"https:\/\/test.sunday.ma\/?post_type=product&#038;p=9690"},"modified":"2023-12-11T09:50:57","modified_gmt":"2023-12-11T09:50:57","slug":"6-tasses-double-paroi-95-ml-6-sous-tasses-transparents-gratuits","status":"publish","type":"product","link":"https:\/\/test.sunday.ma\/index.php\/product\/6-tasses-double-paroi-95-ml-6-sous-tasses-transparents-gratuits\/","title":{"rendered":"6 Tasses double paroi 95 ml + 6 sous tasses transparents gratuits"},"content":{"rendered":"","protected":false},"excerpt":{"rendered":"<p>Des tasses transparents et \u00e9l\u00e9gants qui sont r\u00e9sistants aux chocs et \u00e0 la chaleur , leurs conception \u00e0 double paroi permet de garder vos boissons chaudes ou froides plus longtemps .<\/p>\n<blockquote><p>&nbsp;<\/p><\/blockquote>\n","protected":false},"featured_media":9691,"comment_status":"open","ping_status":"closed","template":"","meta":[],"product_cat":[120],"product_tag":[],"_links":{"self":[{"href":"https:\/\/test.sunday.ma\/index.php\/wp-json\/wp\/v2\/product\/9690"}],"collection":[{"href":"https:\/\/test.sunday.ma\/index.php\/wp-json\/wp\/v2\/product"}],"about":[{"href":"https:\/\/test.sunday.ma\/index.php\/wp-json\/wp\/v2\/types\/product"}],"replies":[{"embeddable":true,"href":"https:\/\/test.sunday.ma\/index.php\/wp-json\/wp\/v2\/comments?post=9690"}],"wp:featuredmedia":[{"embeddable":true,"href":"https:\/\/test.sunday.ma\/index.php\/wp-json\/wp\/v2\/media\/9691"}],"wp:attachment":[{"href":"https:\/\/test.sunday.ma\/index.php\/wp-json\/wp\/v2\/media?parent=9690"}],"wp:term":[{"taxonomy":"product_cat","embeddable":true,"href":"https:\/\/test.sunday.ma\/index.php\/wp-json\/wp\/v2\/product_cat?post=9690"},{"taxonomy":"product_tag","embeddable":true,"href":"https:\/\/test.sunday.ma\/index.php\/wp-json\/wp\/v2\/product_tag?post=9690"}],"curies":[{"name":"wp","href":"https:\/\/api.w.org\/{rel}","templated":true}]}}