{"id":9417,"date":"2023-03-18T16:43:37","date_gmt":"2023-03-18T16:43:37","guid":{"rendered":"https:\/\/test.sunday.ma\/?post_type=product&#038;p=9417"},"modified":"2023-12-11T09:50:53","modified_gmt":"2023-12-11T09:50:53","slug":"lot-de-5-pots-a-epices-avec-support-en-bois","status":"publish","type":"product","link":"https:\/\/test.sunday.ma\/index.php\/product\/lot-de-5-pots-a-epices-avec-support-en-bois\/","title":{"rendered":"Lot de 5 pots \u00e0 \u00e9pices avec support en bois."},"content":{"rendered":"<div class=\"group w-full text-gray-800 dark:text-gray-100 border-b border-black\/10 dark:border-gray-900\/50 dark:bg-gray-800\">\n<div class=\"text-base gap-4 md:gap-6 md:max-w-2xl lg:max-w-2xl xl:max-w-3xl p-4 md:py-6 flex lg:px-0 m-auto\">\n<div class=\"relative flex w-[calc(100%-50px)] flex-col gap-1 md:gap-3 lg:w-[calc(100%-115px)]\">\n<div class=\"flex flex-grow flex-col gap-3\">\n<div class=\"min-h-[20px] flex flex-col items-start gap-4 whitespace-pre-wrap\">Le lot de 5 pots \u00e0 \u00e9pices avec support en bois est un ensemble pratique et \u00e9l\u00e9gant pour ranger vos \u00e9pices dans votre cuisine. Chaque pot est en verre clair et poss\u00e8de un couvercle en acier inoxydable avec un anneau d&#8217;\u00e9tanch\u00e9it\u00e9 pour maintenir vos \u00e9pices fra\u00eeches et prot\u00e9g\u00e9es de l&#8217;humidit\u00e9 et de la lumi\u00e8re.<\/div>\n<\/div>\n<\/div>\n<\/div>\n<\/div>\n<div class=\"group w-full text-gray-800 dark:text-gray-100 border-b border-black\/10 dark:border-gray-900\/50 bg-gray-50 dark:bg-[#444654]\">\n<div class=\"text-base gap-4 md:gap-6 md:max-w-2xl lg:max-w-2xl xl:max-w-3xl p-4 md:py-6 flex lg:px-0 m-auto\">\n<div class=\"relative flex w-[calc(100%-50px)] flex-col gap-1 md:gap-3 lg:w-[calc(100%-115px)]\">\n<div class=\"flex flex-grow flex-col gap-3\">\n<div class=\"min-h-[20px] flex flex-col items-start gap-4 whitespace-pre-wrap\">\n<div class=\"markdown prose w-full break-words dark:prose-invert light\">\n<p>Les pots ont une capacit\u00e9 de 100 ml et sont id\u00e9aux pour ranger des \u00e9pices en vrac, des herbes, des m\u00e9langes d&#8217;\u00e9pices, des sucres aromatis\u00e9s et bien plus encore. Les couvercles \u00e0 visser sont faciles \u00e0 enlever pour remplir ou vider les pots et ont \u00e9galement une petite ouverture pour que vous puissiez saupoudrer les \u00e9pices avec pr\u00e9cision.<\/p>\n<p>Le support en bois est fabriqu\u00e9 en bois d&#8217;acacia naturel et a \u00e9t\u00e9 con\u00e7u pour maintenir les pots en place et les garder organis\u00e9s. Le support a une finition lisse et est facile \u00e0 nettoyer avec un chiffon humide. Il peut \u00eatre plac\u00e9 sur votre comptoir ou sur une \u00e9tag\u00e8re pour un acc\u00e8s facile \u00e0 vos \u00e9pices.<\/p>\n<p>Cet ensemble de pots \u00e0 \u00e9pices avec support en bois est non seulement fonctionnel, mais aussi esth\u00e9tique. Il ajoutera une touche de style rustique \u00e0 votre cuisine tout en vous aidant \u00e0 garder vos \u00e9pices organis\u00e9es et \u00e0 port\u00e9e de main.<\/p>\n<\/div>\n<\/div>\n<\/div>\n<\/div>\n<\/div>\n<\/div>\n","protected":false},"excerpt":{"rendered":"<p>Le lot de 5 pots \u00e0 \u00e9pices avec support en bois est un ensemble pratique et \u00e9l\u00e9gant pour ranger vos \u00e9pices dans votre cuisine. Chaque pot est en verre clair et poss\u00e8de un couvercle en acier inoxydable avec un anneau d&#8217;\u00e9tanch\u00e9it\u00e9 pour maintenir vos \u00e9pices fra\u00eeches et prot\u00e9g\u00e9es de l&#8217;humidit\u00e9 et de la lumi\u00e8re. Les [&hellip;]<\/p>\n","protected":false},"featured_media":9418,"comment_status":"open","ping_status":"closed","template":"","meta":[],"product_cat":[89,95],"product_tag":[],"_links":{"self":[{"href":"https:\/\/test.sunday.ma\/index.php\/wp-json\/wp\/v2\/product\/9417"}],"collection":[{"href":"https:\/\/test.sunday.ma\/index.php\/wp-json\/wp\/v2\/product"}],"about":[{"href":"https:\/\/test.sunday.ma\/index.php\/wp-json\/wp\/v2\/types\/product"}],"replies":[{"embeddable":true,"href":"https:\/\/test.sunday.ma\/index.php\/wp-json\/wp\/v2\/comments?post=9417"}],"wp:featuredmedia":[{"embeddable":true,"href":"https:\/\/test.sunday.ma\/index.php\/wp-json\/wp\/v2\/media\/9418"}],"wp:attachment":[{"href":"https:\/\/test.sunday.ma\/index.php\/wp-json\/wp\/v2\/media?parent=9417"}],"wp:term":[{"taxonomy":"product_cat","embeddable":true,"href":"https:\/\/test.sunday.ma\/index.php\/wp-json\/wp\/v2\/product_cat?post=9417"},{"taxonomy":"product_tag","embeddable":true,"href":"https:\/\/test.sunday.ma\/index.php\/wp-json\/wp\/v2\/product_tag?post=9417"}],"curies":[{"name":"wp","href":"https:\/\/api.w.org\/{rel}","templated":true}]}}