{"id":8048,"date":"2022-10-04T10:57:55","date_gmt":"2022-10-04T10:57:55","guid":{"rendered":"https:\/\/test.sunday.ma\/?post_type=product&#038;p=8048"},"modified":"2023-12-11T09:50:43","modified_gmt":"2023-12-11T09:50:43","slug":"verre-double-paroi-250ml-avec-couvercle","status":"publish","type":"product","link":"https:\/\/test.sunday.ma\/index.php\/product\/verre-double-paroi-250ml-avec-couvercle\/","title":{"rendered":"Verre double paroi 250ml avec couvercle"},"content":{"rendered":"","protected":false},"excerpt":{"rendered":"<p>Mat\u00e9riel: haute borosilicate verre corps   silicone couvercle d&#8217;\u00e9tanch\u00e9it\u00e9<br \/>\nCapacit\u00e9: 250ml<br \/>\nForme: en forme d&#8217;oeuf<br \/>\nStructure: Double<br \/>\nChamp d&#8217;application: la maison, bureau, voyage<br \/>\nM\u00e9thode d&#8217;emballage: bo\u00eete<\/p>\n","protected":false},"featured_media":8049,"comment_status":"open","ping_status":"closed","template":"","meta":[],"product_cat":[117,120],"product_tag":[],"_links":{"self":[{"href":"https:\/\/test.sunday.ma\/index.php\/wp-json\/wp\/v2\/product\/8048"}],"collection":[{"href":"https:\/\/test.sunday.ma\/index.php\/wp-json\/wp\/v2\/product"}],"about":[{"href":"https:\/\/test.sunday.ma\/index.php\/wp-json\/wp\/v2\/types\/product"}],"replies":[{"embeddable":true,"href":"https:\/\/test.sunday.ma\/index.php\/wp-json\/wp\/v2\/comments?post=8048"}],"wp:featuredmedia":[{"embeddable":true,"href":"https:\/\/test.sunday.ma\/index.php\/wp-json\/wp\/v2\/media\/8049"}],"wp:attachment":[{"href":"https:\/\/test.sunday.ma\/index.php\/wp-json\/wp\/v2\/media?parent=8048"}],"wp:term":[{"taxonomy":"product_cat","embeddable":true,"href":"https:\/\/test.sunday.ma\/index.php\/wp-json\/wp\/v2\/product_cat?post=8048"},{"taxonomy":"product_tag","embeddable":true,"href":"https:\/\/test.sunday.ma\/index.php\/wp-json\/wp\/v2\/product_tag?post=8048"}],"curies":[{"name":"wp","href":"https:\/\/api.w.org\/{rel}","templated":true}]}}