{"id":7907,"date":"2022-09-26T17:39:25","date_gmt":"2022-09-26T17:39:25","guid":{"rendered":"https:\/\/test.sunday.ma\/?post_type=product&#038;p=7907"},"modified":"2023-12-11T09:50:40","modified_gmt":"2023-12-11T09:50:40","slug":"halloween-deco-geante-squelette","status":"publish","type":"product","link":"https:\/\/test.sunday.ma\/index.php\/product\/halloween-deco-geante-squelette\/","title":{"rendered":"Halloween d\u00e9co g\u00e9ante-squelette"},"content":{"rendered":"","protected":false},"excerpt":{"rendered":"<p>Relookez votre int\u00e9rieur \u00e0 l\u2019occasion d\u2019Halloween pour une ambiance effrayante assur\u00e9e. Une large s\u00e9lection d\u2019objets de d\u00e9coration qui fera frissonner vos invit\u00e9s tout en les faisant entrer dans les t\u00e9n\u00e8bres d\u2019Halloween. M\u00e9tamorphosez votre maison pour une soir\u00e9e r\u00e9ussie.<\/p>\n","protected":false},"featured_media":7908,"comment_status":"open","ping_status":"closed","template":"","meta":[],"product_cat":[15],"product_tag":[],"_links":{"self":[{"href":"https:\/\/test.sunday.ma\/index.php\/wp-json\/wp\/v2\/product\/7907"}],"collection":[{"href":"https:\/\/test.sunday.ma\/index.php\/wp-json\/wp\/v2\/product"}],"about":[{"href":"https:\/\/test.sunday.ma\/index.php\/wp-json\/wp\/v2\/types\/product"}],"replies":[{"embeddable":true,"href":"https:\/\/test.sunday.ma\/index.php\/wp-json\/wp\/v2\/comments?post=7907"}],"wp:featuredmedia":[{"embeddable":true,"href":"https:\/\/test.sunday.ma\/index.php\/wp-json\/wp\/v2\/media\/7908"}],"wp:attachment":[{"href":"https:\/\/test.sunday.ma\/index.php\/wp-json\/wp\/v2\/media?parent=7907"}],"wp:term":[{"taxonomy":"product_cat","embeddable":true,"href":"https:\/\/test.sunday.ma\/index.php\/wp-json\/wp\/v2\/product_cat?post=7907"},{"taxonomy":"product_tag","embeddable":true,"href":"https:\/\/test.sunday.ma\/index.php\/wp-json\/wp\/v2\/product_tag?post=7907"}],"curies":[{"name":"wp","href":"https:\/\/api.w.org\/{rel}","templated":true}]}}