{"id":6954,"date":"2022-05-01T07:03:00","date_gmt":"2022-05-01T07:03:00","guid":{"rendered":"https:\/\/test.sunday.ma\/?post_type=product&#038;p=6954"},"modified":"2023-12-11T09:50:30","modified_gmt":"2023-12-11T09:50:30","slug":"tasse-a-cafe-et-soucoupe-a-chauffage-electrique-rose","status":"publish","type":"product","link":"https:\/\/test.sunday.ma\/index.php\/product\/tasse-a-cafe-et-soucoupe-a-chauffage-electrique-rose\/","title":{"rendered":"Tasse \u00e0 caf\u00e9 et soucoupe \u00e0 chauffage \u00e9lectrique Rose"},"content":{"rendered":"<ul>\n<li><strong><span class=\"-b\">Poids (kg)<\/span>: 1<\/strong><\/li>\n<li><strong><span class=\"-b\">Mati\u00e8re principale<\/span>: C\u00e9ramique et plastique<\/strong><\/li>\n<li><strong><span class=\"-b\">Taille (Longueur x Largeur x Hauteur cm)<\/span>: 12 \u00d7 12 \u00d7 1.3<\/strong><\/li>\n<\/ul>\n","protected":false},"excerpt":{"rendered":"<ul>\n<li><b>N<\/b><b>ive<\/b><b>llement<\/b>\u00a0constant, uniquement pour\u00a0<b>la\u00a0<\/b><b>m<\/b><b>eilleure<\/b>\u00a0conception de d\u00e9tection de gravit\u00e9,\u00a0<b>plac<\/b><b>ez<\/b>\u00a0<b>s<\/b><b>o<\/b><b>igne<\/b><b>u<\/b><b>s<\/b><b>ement<\/b>\u00a0la tasse sur le\u00a0<b>t<\/b><b>apis<\/b>\u00a0de tasse\u00a0<b>avec\u00a0<\/b><b>un<\/b><b>e<\/b>\u00a0temp\u00e9rature<b>\u00a0<\/b><b>constante<\/b><b>,<\/b>\u00a0<b>allume<\/b><b>z<\/b>\u00a0automatiquement le chauffage,\u00a0<b>s<\/b><b>oul<\/b><b>e<\/b><b>vez<\/b>\u00a0la tasse et\u00a0<b>\u00e9<\/b><b>te<\/b><b>ignez<\/b>\u00a0automatiquement le chauffage.<\/li>\n<li>Grande\u00a0<b>dissipation de chaleur<\/b>\u00a0<b>r<\/b><b>\u00e9<\/b><b>si<\/b><b>du<\/b><b>elle<\/b>\u00a0plus rapide,\u00a0<b>pl<\/b><b>u<\/b><b>s<\/b>\u00a0<b>d<\/b><b>\u2018air<\/b>\u00a0<b>s<\/b><b>\u2018\u00e9chappe dans\u00a0<\/b><b>l<\/b><b>e<\/b>\u00a0fond de la tasse, chaud sans\u00a0<b>atten<\/b><b>dr<\/b><b>e<\/b>\u00a0un\u00a0<b>insta<\/b><b>nt.<\/b><\/li>\n<li>La tasse\u00a0<b>de<\/b><b>s<\/b><b>i<\/b><b>g<\/b><b>n<\/b>\u00a0<b>c<\/b><b>oncave<\/b>\u00a0ne\u00a0<b>g<\/b><b>lisse\u00a0<\/b><b>pas<\/b><b>,<\/b>\u00a0<b>d<\/b><b>e<\/b><b>s<\/b><b>i<\/b><b>g<\/b><b>n<\/b>\u00a0concave de la plaque chauffante,\u00a0<b>s<\/b><b>\u00e9cu<\/b><b>r<\/b><b>isant<\/b>\u00a0et intime.<\/li>\n<li>Chaude\u00a0<b>M<\/b><b>ain<\/b>\u00a0<b>da<\/b><b>n<\/b><b>s<\/b>\u00a0<b>la main,<\/b>\u00a0petite, ne prend pas trop de place sur le\u00a0<b>b<\/b><b>ureau.<\/b><\/li>\n<\/ul>\n","protected":false},"featured_media":6955,"comment_status":"open","ping_status":"closed","template":"","meta":[],"product_cat":[101,122,119],"product_tag":[],"_links":{"self":[{"href":"https:\/\/test.sunday.ma\/index.php\/wp-json\/wp\/v2\/product\/6954"}],"collection":[{"href":"https:\/\/test.sunday.ma\/index.php\/wp-json\/wp\/v2\/product"}],"about":[{"href":"https:\/\/test.sunday.ma\/index.php\/wp-json\/wp\/v2\/types\/product"}],"replies":[{"embeddable":true,"href":"https:\/\/test.sunday.ma\/index.php\/wp-json\/wp\/v2\/comments?post=6954"}],"wp:featuredmedia":[{"embeddable":true,"href":"https:\/\/test.sunday.ma\/index.php\/wp-json\/wp\/v2\/media\/6955"}],"wp:attachment":[{"href":"https:\/\/test.sunday.ma\/index.php\/wp-json\/wp\/v2\/media?parent=6954"}],"wp:term":[{"taxonomy":"product_cat","embeddable":true,"href":"https:\/\/test.sunday.ma\/index.php\/wp-json\/wp\/v2\/product_cat?post=6954"},{"taxonomy":"product_tag","embeddable":true,"href":"https:\/\/test.sunday.ma\/index.php\/wp-json\/wp\/v2\/product_tag?post=6954"}],"curies":[{"name":"wp","href":"https:\/\/api.w.org\/{rel}","templated":true}]}}