{"id":6760,"date":"2022-03-27T22:52:04","date_gmt":"2022-03-27T22:52:04","guid":{"rendered":"https:\/\/test.sunday.ma\/?post_type=product&#038;p=6760"},"modified":"2023-12-11T09:50:24","modified_gmt":"2023-12-11T09:50:24","slug":"porte-confiture-et-sauce-en-ceramique-de-5-pieces-avec-4-compartiments-avec-support-en-bois","status":"publish","type":"product","link":"https:\/\/test.sunday.ma\/index.php\/product\/porte-confiture-et-sauce-en-ceramique-de-5-pieces-avec-4-compartiments-avec-support-en-bois\/","title":{"rendered":"Porte-confiture et Sauce en c\u00e9ramique de 5 pi\u00e8ces avec 4 compartiments avec support en bois"},"content":{"rendered":"","protected":false},"excerpt":{"rendered":"<ul>\n<li>Diam\u00e8tre C\u00e9ramique : 10 Cm<\/li>\n<li>Longueur : 5,5cm<\/li>\n<li>Fabriqu\u00e9 en mat\u00e9riau c\u00e9ramique en gr\u00e8s r\u00e9sistant \u00e0 la chaleur<\/li>\n<li>Utilis\u00e9 comme r\u00e9cipient pour le petit-d\u00e9jeuner et le souffl\u00e9<\/li>\n<li>Peut \u00e9galement \u00eatre utilis\u00e9 comme cookie<\/li>\n<li>Convient pour une utilisation au micro-ondes.<\/li>\n<li>Il est adapt\u00e9 pour une utilisation au four.<\/li>\n<li>Il convient pour une utilisation au lave-vaisselle.<\/li>\n<li>Il convient \u00e0 une utilisation en cong\u00e9lateur.<\/li>\n<li>Fabriqu\u00e9 en c\u00e9ramique de premi\u00e8re classe.<\/li>\n<li>Il a une structure en relief.<\/li>\n<li>Tr\u00e8s r\u00e9sistant \u00e0 la chaleur.<\/li>\n<\/ul>\n","protected":false},"featured_media":6761,"comment_status":"open","ping_status":"closed","template":"","meta":[],"product_cat":[121],"product_tag":[],"_links":{"self":[{"href":"https:\/\/test.sunday.ma\/index.php\/wp-json\/wp\/v2\/product\/6760"}],"collection":[{"href":"https:\/\/test.sunday.ma\/index.php\/wp-json\/wp\/v2\/product"}],"about":[{"href":"https:\/\/test.sunday.ma\/index.php\/wp-json\/wp\/v2\/types\/product"}],"replies":[{"embeddable":true,"href":"https:\/\/test.sunday.ma\/index.php\/wp-json\/wp\/v2\/comments?post=6760"}],"wp:featuredmedia":[{"embeddable":true,"href":"https:\/\/test.sunday.ma\/index.php\/wp-json\/wp\/v2\/media\/6761"}],"wp:attachment":[{"href":"https:\/\/test.sunday.ma\/index.php\/wp-json\/wp\/v2\/media?parent=6760"}],"wp:term":[{"taxonomy":"product_cat","embeddable":true,"href":"https:\/\/test.sunday.ma\/index.php\/wp-json\/wp\/v2\/product_cat?post=6760"},{"taxonomy":"product_tag","embeddable":true,"href":"https:\/\/test.sunday.ma\/index.php\/wp-json\/wp\/v2\/product_tag?post=6760"}],"curies":[{"name":"wp","href":"https:\/\/api.w.org\/{rel}","templated":true}]}}