{"id":5739,"date":"2021-12-25T21:09:24","date_gmt":"2021-12-25T21:09:24","guid":{"rendered":"https:\/\/test.sunday.ma\/?post_type=product&#038;p=5739"},"modified":"2023-12-11T09:50:18","modified_gmt":"2023-12-11T09:50:18","slug":"bocal-en-verre-sans-plomb-avec-couvercle-1000ml","status":"publish","type":"product","link":"https:\/\/test.sunday.ma\/index.php\/product\/bocal-en-verre-sans-plomb-avec-couvercle-1000ml\/","title":{"rendered":"Bocal en verre sans plomb avec couvercle 1000ml"},"content":{"rendered":"","protected":false},"excerpt":{"rendered":"<p>Bocal 500ml en verre avec couvercle pour y mettre du sucre, th\u00e9, caf\u00e9 ou vos tisanes. Il peut m\u00eame \u00eatre utilis\u00e9 comme carafe pour servir des jus<\/p>\n","protected":false},"featured_media":5740,"comment_status":"open","ping_status":"closed","template":"","meta":[],"product_cat":[89],"product_tag":[],"_links":{"self":[{"href":"https:\/\/test.sunday.ma\/index.php\/wp-json\/wp\/v2\/product\/5739"}],"collection":[{"href":"https:\/\/test.sunday.ma\/index.php\/wp-json\/wp\/v2\/product"}],"about":[{"href":"https:\/\/test.sunday.ma\/index.php\/wp-json\/wp\/v2\/types\/product"}],"replies":[{"embeddable":true,"href":"https:\/\/test.sunday.ma\/index.php\/wp-json\/wp\/v2\/comments?post=5739"}],"wp:featuredmedia":[{"embeddable":true,"href":"https:\/\/test.sunday.ma\/index.php\/wp-json\/wp\/v2\/media\/5740"}],"wp:attachment":[{"href":"https:\/\/test.sunday.ma\/index.php\/wp-json\/wp\/v2\/media?parent=5739"}],"wp:term":[{"taxonomy":"product_cat","embeddable":true,"href":"https:\/\/test.sunday.ma\/index.php\/wp-json\/wp\/v2\/product_cat?post=5739"},{"taxonomy":"product_tag","embeddable":true,"href":"https:\/\/test.sunday.ma\/index.php\/wp-json\/wp\/v2\/product_tag?post=5739"}],"curies":[{"name":"wp","href":"https:\/\/api.w.org\/{rel}","templated":true}]}}