{"id":5616,"date":"2021-12-13T10:34:49","date_gmt":"2021-12-13T10:34:49","guid":{"rendered":"https:\/\/test.sunday.ma\/?post_type=product&#038;p=5616"},"modified":"2023-12-11T09:50:16","modified_gmt":"2023-12-11T09:50:16","slug":"theiere-cafetiere-en-verre-transparent-bouilloire-resistante-a-la-chaleur-1000-ml","status":"publish","type":"product","link":"https:\/\/test.sunday.ma\/index.php\/product\/theiere-cafetiere-en-verre-transparent-bouilloire-resistante-a-la-chaleur-1000-ml\/","title":{"rendered":"Th\u00e9i\u00e8re , cafeti\u00e8re en verre Transparent, bouilloire r\u00e9sistante \u00e0 la chaleur 800 ml"},"content":{"rendered":"<p><strong>Descriptions:<\/strong><br \/>\nNom: cafeti\u00e8re en verre<br \/>\nMat\u00e9riau: verre borosilicate<br \/>\nSp\u00e9cification: 700ML 1000ML 1200ML<br \/>\nTaille (environ): 13.5*10.5cm\/5.31*4.13in; 18*10.5cm\/7.09*4.13in; 25.5*10.5cm\/10.04*4.13in<br \/>\nPoids: environ 320g, environ 410g, environ 600g<br \/>\n<strong>Caract\u00e9ristiques<\/strong>:<br \/>\n1. type \u00e0 double usage<br \/>\n2. Inoffensif<br \/>\n3. R\u00e9sistance \u00e0 haute temp\u00e9rature<br \/>\nListe d&#8217;emballage:<br \/>\n1 * bouilloire \u00e0 caf\u00e9 en verre<br \/>\nNotes:<br \/>\n<strong>Instructions de nettoyage:<\/strong><br \/>\n1. Le nettoyage de la bouilloire avec un lave-vaisselle est autoris\u00e9, cependant, le lavage \u00e0 la main est recommand\u00e9.<br \/>\n2. Veuillez nettoyer le produit tout au long du processus avant de l&#8217;utiliser pour la premi\u00e8re fois.<br \/>\n3. Il est recommand\u00e9 de nettoyer et de s\u00e9cher la bouilloire imm\u00e9diatement apr\u00e8s utilisation pour \u00e9viter les taches tenaces.<br \/>\n4. S&#8217;il y a des taches tenaces telles que des taches de th\u00e9, veuillez mettre la bouilloire dans un bassin ou un autre r\u00e9cipient avec de l&#8217;eau bouillie et du vinaigre, faites-le tremper pendant 10 minutes, puis lavez-la avec une brosse.<\/p>\n","protected":false},"excerpt":{"rendered":"<p><span data-spm-anchor-id=\"a2g0o.detail.1000023.i0.4e087379VDT9PH\">Bouilloire en verre utile: la bouilloire en verre a une belle apparence et elle est \u00e9galement tr\u00e8s utile.<\/span><\/p>\n","protected":false},"featured_media":5617,"comment_status":"open","ping_status":"closed","template":"","meta":[],"product_cat":[123,117,125],"product_tag":[],"_links":{"self":[{"href":"https:\/\/test.sunday.ma\/index.php\/wp-json\/wp\/v2\/product\/5616"}],"collection":[{"href":"https:\/\/test.sunday.ma\/index.php\/wp-json\/wp\/v2\/product"}],"about":[{"href":"https:\/\/test.sunday.ma\/index.php\/wp-json\/wp\/v2\/types\/product"}],"replies":[{"embeddable":true,"href":"https:\/\/test.sunday.ma\/index.php\/wp-json\/wp\/v2\/comments?post=5616"}],"wp:featuredmedia":[{"embeddable":true,"href":"https:\/\/test.sunday.ma\/index.php\/wp-json\/wp\/v2\/media\/5617"}],"wp:attachment":[{"href":"https:\/\/test.sunday.ma\/index.php\/wp-json\/wp\/v2\/media?parent=5616"}],"wp:term":[{"taxonomy":"product_cat","embeddable":true,"href":"https:\/\/test.sunday.ma\/index.php\/wp-json\/wp\/v2\/product_cat?post=5616"},{"taxonomy":"product_tag","embeddable":true,"href":"https:\/\/test.sunday.ma\/index.php\/wp-json\/wp\/v2\/product_tag?post=5616"}],"curies":[{"name":"wp","href":"https:\/\/api.w.org\/{rel}","templated":true}]}}