{"id":3243,"date":"2021-11-18T16:06:57","date_gmt":"2021-11-18T16:06:57","guid":{"rendered":"https:\/\/test.sunday.ma\/?post_type=product&#038;p=3243"},"modified":"2023-12-11T09:50:11","modified_gmt":"2023-12-11T09:50:11","slug":"tasse-espresso-8cl-verre","status":"publish","type":"product","link":"https:\/\/test.sunday.ma\/index.php\/product\/tasse-espresso-8cl-verre\/","title":{"rendered":"Tasse Espresso 8cl Verre"},"content":{"rendered":"","protected":false},"excerpt":{"rendered":"<h3>Une tasse en verre<\/h3>\n<p>Cette petite tasse pour expresso en verre transparent permet de voir et de doser rapidement le niveau de remplissage de vos diverses boissons. Son anse offre une prise en main facilit\u00e9e lorsque le contenu est chaud. Son pied l\u00e9g\u00e8rement \u00e9vas\u00e9 lui garantit aussi une excellente stabilit\u00e9. Simple \u00e0 nettoyer et ultra-r\u00e9sistante, cette tasse peut \u00eatre pass\u00e9e au lave-vaisselle ou au four \u00e0 micro-ondes. Cette tasse de 8\u00a0cl et de 6,5\u00a0cm de hauteur se montre tr\u00e8s \u00e9conomique et sera parfaite pour contenir vos expressos ou caf\u00e9s serr\u00e9s \u00e0 tout moment de la journ\u00e9e.<\/p>\n<h3>Une tasse \u00e9l\u00e9gante<\/h3>\n<p>Cette tasse \u00e0 expresso transparente au style \u00e9l\u00e9gant donnera une touche moderne et tr\u00e8s actuelle \u00e0 votre moment de pause caf\u00e9. Lumineuse et claire, elle s&#8217;adaptera ais\u00e9ment \u00e0 votre vaisselle comme \u00e0 votre d\u00e9coration existante. Un objet petit prix et pourtant chic qui sera la touche design de vos d\u00e9gustations de caf\u00e9 ou de boissons chaudes.<\/p>\n","protected":false},"featured_media":5598,"comment_status":"open","ping_status":"closed","template":"","meta":[],"product_cat":[122,119],"product_tag":[],"_links":{"self":[{"href":"https:\/\/test.sunday.ma\/index.php\/wp-json\/wp\/v2\/product\/3243"}],"collection":[{"href":"https:\/\/test.sunday.ma\/index.php\/wp-json\/wp\/v2\/product"}],"about":[{"href":"https:\/\/test.sunday.ma\/index.php\/wp-json\/wp\/v2\/types\/product"}],"replies":[{"embeddable":true,"href":"https:\/\/test.sunday.ma\/index.php\/wp-json\/wp\/v2\/comments?post=3243"}],"wp:featuredmedia":[{"embeddable":true,"href":"https:\/\/test.sunday.ma\/index.php\/wp-json\/wp\/v2\/media\/5598"}],"wp:attachment":[{"href":"https:\/\/test.sunday.ma\/index.php\/wp-json\/wp\/v2\/media?parent=3243"}],"wp:term":[{"taxonomy":"product_cat","embeddable":true,"href":"https:\/\/test.sunday.ma\/index.php\/wp-json\/wp\/v2\/product_cat?post=3243"},{"taxonomy":"product_tag","embeddable":true,"href":"https:\/\/test.sunday.ma\/index.php\/wp-json\/wp\/v2\/product_tag?post=3243"}],"curies":[{"name":"wp","href":"https:\/\/api.w.org\/{rel}","templated":true}]}}