{"id":2974,"date":"2021-11-18T16:04:45","date_gmt":"2021-11-18T16:04:45","guid":{"rendered":"https:\/\/test.sunday.ma\/?post_type=product&#038;p=2974"},"modified":"2023-12-11T09:50:07","modified_gmt":"2023-12-11T09:50:07","slug":"4-cuilleres-aperitives","status":"publish","type":"product","link":"https:\/\/test.sunday.ma\/index.php\/product\/4-cuilleres-aperitives\/","title":{"rendered":"4 cuill\u00e8res ap\u00e9ritives"},"content":{"rendered":"<p>X4 CUILL\u00c8RES<\/p>\n<p>DIMENSIONS : 11X6,5X2,5CM<\/p>\n","protected":false},"excerpt":{"rendered":"<div class=\"tabs\">\n<div id=\"tab-content\" class=\"tab-content\">\n<div id=\"description\" class=\"tab-pane fade in active\" role=\"tabpanel\">\n<div class=\"product-description\">\n<p>Set de 4 cuill\u00e8res gastronomiques pour vos amuse-bouche, ap\u00e9ritifs et entr\u00e9es.<\/p>\n<\/div>\n<\/div>\n<\/div>\n<\/div>\n<section class=\"featured-products product-accessories clearfix\">\n<div class=\"block-title\"><\/div>\n<\/section>\n","protected":false},"featured_media":5586,"comment_status":"open","ping_status":"closed","template":"","meta":[],"product_cat":[117,97,119,121],"product_tag":[],"_links":{"self":[{"href":"https:\/\/test.sunday.ma\/index.php\/wp-json\/wp\/v2\/product\/2974"}],"collection":[{"href":"https:\/\/test.sunday.ma\/index.php\/wp-json\/wp\/v2\/product"}],"about":[{"href":"https:\/\/test.sunday.ma\/index.php\/wp-json\/wp\/v2\/types\/product"}],"replies":[{"embeddable":true,"href":"https:\/\/test.sunday.ma\/index.php\/wp-json\/wp\/v2\/comments?post=2974"}],"wp:featuredmedia":[{"embeddable":true,"href":"https:\/\/test.sunday.ma\/index.php\/wp-json\/wp\/v2\/media\/5586"}],"wp:attachment":[{"href":"https:\/\/test.sunday.ma\/index.php\/wp-json\/wp\/v2\/media?parent=2974"}],"wp:term":[{"taxonomy":"product_cat","embeddable":true,"href":"https:\/\/test.sunday.ma\/index.php\/wp-json\/wp\/v2\/product_cat?post=2974"},{"taxonomy":"product_tag","embeddable":true,"href":"https:\/\/test.sunday.ma\/index.php\/wp-json\/wp\/v2\/product_tag?post=2974"}],"curies":[{"name":"wp","href":"https:\/\/api.w.org\/{rel}","templated":true}]}}