{"id":2910,"date":"2021-11-18T16:04:04","date_gmt":"2021-11-18T16:04:04","guid":{"rendered":"https:\/\/test.sunday.ma\/?post_type=product&#038;p=2910"},"modified":"2023-12-11T09:50:06","modified_gmt":"2023-12-11T09:50:06","slug":"pince-a-pates","status":"publish","type":"product","link":"https:\/\/test.sunday.ma\/index.php\/product\/pince-a-pates\/","title":{"rendered":"Pince \u00e0 p\u00e2tes"},"content":{"rendered":"","protected":false},"excerpt":{"rendered":"<p>Pince \u00e0 spaghettis et p\u00e2tes en inox, ustensile de cuisine pratique et facile \u00e0 nettoyer<\/p>\n","protected":false},"featured_media":5581,"comment_status":"closed","ping_status":"closed","template":"","meta":[],"product_cat":[88],"product_tag":[],"_links":{"self":[{"href":"https:\/\/test.sunday.ma\/index.php\/wp-json\/wp\/v2\/product\/2910"}],"collection":[{"href":"https:\/\/test.sunday.ma\/index.php\/wp-json\/wp\/v2\/product"}],"about":[{"href":"https:\/\/test.sunday.ma\/index.php\/wp-json\/wp\/v2\/types\/product"}],"replies":[{"embeddable":true,"href":"https:\/\/test.sunday.ma\/index.php\/wp-json\/wp\/v2\/comments?post=2910"}],"wp:featuredmedia":[{"embeddable":true,"href":"https:\/\/test.sunday.ma\/index.php\/wp-json\/wp\/v2\/media\/5581"}],"wp:attachment":[{"href":"https:\/\/test.sunday.ma\/index.php\/wp-json\/wp\/v2\/media?parent=2910"}],"wp:term":[{"taxonomy":"product_cat","embeddable":true,"href":"https:\/\/test.sunday.ma\/index.php\/wp-json\/wp\/v2\/product_cat?post=2910"},{"taxonomy":"product_tag","embeddable":true,"href":"https:\/\/test.sunday.ma\/index.php\/wp-json\/wp\/v2\/product_tag?post=2910"}],"curies":[{"name":"wp","href":"https:\/\/api.w.org\/{rel}","templated":true}]}}