{"id":12492,"date":"2023-11-09T19:48:44","date_gmt":"2023-11-09T19:48:44","guid":{"rendered":"https:\/\/test.sunday.ma\/?post_type=product&#038;p=12492"},"modified":"2023-12-11T09:51:46","modified_gmt":"2023-12-11T09:51:46","slug":"mixeur-plongeant-2-en-1-en-inox-performances-optimales-pour-votre-cuisine","status":"publish","type":"product","link":"https:\/\/test.sunday.ma\/index.php\/product\/mixeur-plongeant-2-en-1-en-inox-performances-optimales-pour-votre-cuisine\/","title":{"rendered":"Mixeur plongeant 2 en 1 en inox &#8211; Performances optimales pour votre cuisine"},"content":{"rendered":"<ul>\n<li><strong>Polyvalence ultime :<\/strong> Profitez d&#8217;un mixeur plongeant et d&#8217;un hachoir \u00e0 port\u00e9e de main, simplifiant ainsi toutes vos t\u00e2ches culinaires.<\/li>\n<li><strong>Design \u00e9l\u00e9gant en inox :<\/strong> Alliant durabilit\u00e9 et esth\u00e9tique, ce mixeur ajoutera une touche de sophistication \u00e0 votre cuisine.<\/li>\n<li><strong>Puissant et efficace :<\/strong> Le moteur de 200W assure des performances sup\u00e9rieures, r\u00e9duisant le temps de pr\u00e9paration des aliments.<\/li>\n<li><strong>Facile \u00e0 nettoyer :<\/strong> Les pi\u00e8ces d\u00e9tachables sont faciles \u00e0 laver, ce qui rend le nettoyage apr\u00e8s utilisation rapide et pratique.<\/li>\n<li><strong>Prise en main ergonomique :<\/strong> La poign\u00e9e antid\u00e9rapante offre un confort optimal, permettant une utilisation prolong\u00e9e sans fatigue.<\/li>\n<\/ul>\n","protected":false},"excerpt":{"rendered":"<p>Polyvalence ultime : Profitez d&#8217;un mixeur plongeant et d&#8217;un hachoir \u00e0 port\u00e9e de main, simplifiant ainsi toutes vos t\u00e2ches culinaires. Design \u00e9l\u00e9gant en inox : Alliant durabilit\u00e9 et esth\u00e9tique, ce mixeur ajoutera une touche de sophistication \u00e0 votre cuisine. Puissant et efficace : Le moteur de 200W assure des performances sup\u00e9rieures, r\u00e9duisant le temps de [&hellip;]<\/p>\n","protected":false},"featured_media":12493,"comment_status":"open","ping_status":"closed","template":"","meta":[],"product_cat":[114,126],"product_tag":[],"_links":{"self":[{"href":"https:\/\/test.sunday.ma\/index.php\/wp-json\/wp\/v2\/product\/12492"}],"collection":[{"href":"https:\/\/test.sunday.ma\/index.php\/wp-json\/wp\/v2\/product"}],"about":[{"href":"https:\/\/test.sunday.ma\/index.php\/wp-json\/wp\/v2\/types\/product"}],"replies":[{"embeddable":true,"href":"https:\/\/test.sunday.ma\/index.php\/wp-json\/wp\/v2\/comments?post=12492"}],"wp:featuredmedia":[{"embeddable":true,"href":"https:\/\/test.sunday.ma\/index.php\/wp-json\/wp\/v2\/media\/12493"}],"wp:attachment":[{"href":"https:\/\/test.sunday.ma\/index.php\/wp-json\/wp\/v2\/media?parent=12492"}],"wp:term":[{"taxonomy":"product_cat","embeddable":true,"href":"https:\/\/test.sunday.ma\/index.php\/wp-json\/wp\/v2\/product_cat?post=12492"},{"taxonomy":"product_tag","embeddable":true,"href":"https:\/\/test.sunday.ma\/index.php\/wp-json\/wp\/v2\/product_tag?post=12492"}],"curies":[{"name":"wp","href":"https:\/\/api.w.org\/{rel}","templated":true}]}}