{"id":11664,"date":"2023-10-29T11:54:02","date_gmt":"2023-10-29T11:54:02","guid":{"rendered":"https:\/\/test.sunday.ma\/?post_type=product&#038;p=11664"},"modified":"2023-12-11T09:51:37","modified_gmt":"2023-12-11T09:51:37","slug":"brule-parfum-a-3-flacons-dhuiles-essentielles","status":"publish","type":"product","link":"https:\/\/test.sunday.ma\/index.php\/product\/brule-parfum-a-3-flacons-dhuiles-essentielles\/","title":{"rendered":"Br\u00fble-parfum \u00e0 3 Flacons d&#8217;Huiles Essentielles"},"content":{"rendered":"<p>Transformez votre espace en havre de paix avec notre br\u00fble-parfum \u00e0 3 flacons d&#8217;huiles essentielles. Profitez d&#8217;une ambiance apaisante et relaxante gr\u00e2ce \u00e0 une combinaison d&#8217;ar\u00f4mes enivrants. Cet ensemble comprend trois flacons d&#8217;huiles essentielles s\u00e9lectionn\u00e9es avec soin pour leurs propri\u00e9t\u00e9s calmantes et revigorantes. Offrez-vous un moment de d\u00e9tente et de ressourcement avec ce br\u00fble-parfum sophistiqu\u00e9.<\/p>\n","protected":false},"excerpt":{"rendered":"<p>Cr\u00e9ez une atmosph\u00e8re relaxante chez vous avec ce br\u00fble-parfum \u00e9l\u00e9gant. Avec trois flacons d&#8217;huiles essentielles inclus, cet ensemble est id\u00e9al pour la relaxation et le bien-\u00eatre au quotidien.<\/p>\n","protected":false},"featured_media":11665,"comment_status":"closed","ping_status":"closed","template":"","meta":[],"product_cat":[83],"product_tag":[],"_links":{"self":[{"href":"https:\/\/test.sunday.ma\/index.php\/wp-json\/wp\/v2\/product\/11664"}],"collection":[{"href":"https:\/\/test.sunday.ma\/index.php\/wp-json\/wp\/v2\/product"}],"about":[{"href":"https:\/\/test.sunday.ma\/index.php\/wp-json\/wp\/v2\/types\/product"}],"replies":[{"embeddable":true,"href":"https:\/\/test.sunday.ma\/index.php\/wp-json\/wp\/v2\/comments?post=11664"}],"wp:featuredmedia":[{"embeddable":true,"href":"https:\/\/test.sunday.ma\/index.php\/wp-json\/wp\/v2\/media\/11665"}],"wp:attachment":[{"href":"https:\/\/test.sunday.ma\/index.php\/wp-json\/wp\/v2\/media?parent=11664"}],"wp:term":[{"taxonomy":"product_cat","embeddable":true,"href":"https:\/\/test.sunday.ma\/index.php\/wp-json\/wp\/v2\/product_cat?post=11664"},{"taxonomy":"product_tag","embeddable":true,"href":"https:\/\/test.sunday.ma\/index.php\/wp-json\/wp\/v2\/product_tag?post=11664"}],"curies":[{"name":"wp","href":"https:\/\/api.w.org\/{rel}","templated":true}]}}