{"id":11022,"date":"2023-10-08T11:32:18","date_gmt":"2023-10-08T11:32:18","guid":{"rendered":"https:\/\/test.sunday.ma\/?post_type=product&#038;p=11022"},"modified":"2023-12-11T09:51:23","modified_gmt":"2023-12-11T09:51:23","slug":"4-tasses-double-paroi-200ml-mousseur-a-lait-offert","status":"publish","type":"product","link":"https:\/\/test.sunday.ma\/index.php\/product\/4-tasses-double-paroi-200ml-mousseur-a-lait-offert\/","title":{"rendered":"4 tasses double paroi 200ml + mousseur \u00e0 lait offert"},"content":{"rendered":"<p style=\"text-align: left;\"><strong>Mati\u00e8re : Verre<\/strong><\/p>\n<ul>\n<li><strong>Capacit\u00e9 : 200 ml<\/strong><\/li>\n<\/ul>\n","protected":false},"excerpt":{"rendered":"<p>Des verres transparents et \u00e9l\u00e9gants qui sont r\u00e9sistants aux chocs et \u00e0 la chaleur , leurs conception \u00e0 double paroi permet de garder vos boissons chaudes ou froides plus longtemps .<\/p>\n<p>profitez d&#8217;un mousseur \u00e0 lait gratuit<\/p>\n","protected":false},"featured_media":11023,"comment_status":"open","ping_status":"closed","template":"","meta":[],"product_cat":[120],"product_tag":[],"_links":{"self":[{"href":"https:\/\/test.sunday.ma\/index.php\/wp-json\/wp\/v2\/product\/11022"}],"collection":[{"href":"https:\/\/test.sunday.ma\/index.php\/wp-json\/wp\/v2\/product"}],"about":[{"href":"https:\/\/test.sunday.ma\/index.php\/wp-json\/wp\/v2\/types\/product"}],"replies":[{"embeddable":true,"href":"https:\/\/test.sunday.ma\/index.php\/wp-json\/wp\/v2\/comments?post=11022"}],"wp:featuredmedia":[{"embeddable":true,"href":"https:\/\/test.sunday.ma\/index.php\/wp-json\/wp\/v2\/media\/11023"}],"wp:attachment":[{"href":"https:\/\/test.sunday.ma\/index.php\/wp-json\/wp\/v2\/media?parent=11022"}],"wp:term":[{"taxonomy":"product_cat","embeddable":true,"href":"https:\/\/test.sunday.ma\/index.php\/wp-json\/wp\/v2\/product_cat?post=11022"},{"taxonomy":"product_tag","embeddable":true,"href":"https:\/\/test.sunday.ma\/index.php\/wp-json\/wp\/v2\/product_tag?post=11022"}],"curies":[{"name":"wp","href":"https:\/\/api.w.org\/{rel}","templated":true}]}}