{"id":10754,"date":"2023-09-30T11:03:15","date_gmt":"2023-09-30T11:03:15","guid":{"rendered":"https:\/\/test.sunday.ma\/?post_type=product&#038;p=10754"},"modified":"2023-12-11T09:51:14","modified_gmt":"2023-12-11T09:51:14","slug":"tasse-avec-couvercle-et-paille-verres-reutilisables-pour-cafe-glace-jus-soda-boissons-roze","status":"publish","type":"product","link":"https:\/\/test.sunday.ma\/index.php\/product\/tasse-avec-couvercle-et-paille-verres-reutilisables-pour-cafe-glace-jus-soda-boissons-roze\/","title":{"rendered":"tasse Avec couvercle et paille &#8211; Verres r\u00e9utilisables pour caf\u00e9 glac\u00e9, jus, soda, boissons roze"},"content":{"rendered":"","protected":false},"excerpt":{"rendered":"","protected":false},"featured_media":10755,"comment_status":"closed","ping_status":"closed","template":"","meta":[],"product_cat":[122,103],"product_tag":[],"_links":{"self":[{"href":"https:\/\/test.sunday.ma\/index.php\/wp-json\/wp\/v2\/product\/10754"}],"collection":[{"href":"https:\/\/test.sunday.ma\/index.php\/wp-json\/wp\/v2\/product"}],"about":[{"href":"https:\/\/test.sunday.ma\/index.php\/wp-json\/wp\/v2\/types\/product"}],"replies":[{"embeddable":true,"href":"https:\/\/test.sunday.ma\/index.php\/wp-json\/wp\/v2\/comments?post=10754"}],"wp:featuredmedia":[{"embeddable":true,"href":"https:\/\/test.sunday.ma\/index.php\/wp-json\/wp\/v2\/media\/10755"}],"wp:attachment":[{"href":"https:\/\/test.sunday.ma\/index.php\/wp-json\/wp\/v2\/media?parent=10754"}],"wp:term":[{"taxonomy":"product_cat","embeddable":true,"href":"https:\/\/test.sunday.ma\/index.php\/wp-json\/wp\/v2\/product_cat?post=10754"},{"taxonomy":"product_tag","embeddable":true,"href":"https:\/\/test.sunday.ma\/index.php\/wp-json\/wp\/v2\/product_tag?post=10754"}],"curies":[{"name":"wp","href":"https:\/\/api.w.org\/{rel}","templated":true}]}}