{"id":10743,"date":"2023-09-29T22:01:44","date_gmt":"2023-09-29T22:01:44","guid":{"rendered":"https:\/\/test.sunday.ma\/?post_type=product&#038;p=10743"},"modified":"2023-12-11T09:51:14","modified_gmt":"2023-12-11T09:51:14","slug":"verre-moderne-transparent-avec-couvercle-et-paille-en-verre-blanc","status":"publish","type":"product","link":"https:\/\/test.sunday.ma\/index.php\/product\/verre-moderne-transparent-avec-couvercle-et-paille-en-verre-blanc\/","title":{"rendered":"Verre Moderne Transparent Avec Couvercle et paille en verre -blanc"},"content":{"rendered":"","protected":false},"excerpt":{"rendered":"<p>Profitez de vos boissons pr\u00e9f\u00e9r\u00e9es avec style gr\u00e2ce \u00e0 notre verre avec paille. Ce verre \u00e9l\u00e9gant est dot\u00e9 d&#8217;une paille r\u00e9utilisable, vous permettant de siroter vos cocktails, smoothies et boissons rafra\u00eechissantes avec facilit\u00e9. Fabriqu\u00e9 avec des mat\u00e9riaux de haute qualit\u00e9, ce verre est \u00e0 la fois durable et esth\u00e9tique. Parfait pour toutes les occasions, ce verre avec paille ajoutera une touche de sophistication \u00e0 vos moments de d\u00e9tente.<\/p>\n<p>&nbsp;<\/p>\n","protected":false},"featured_media":10744,"comment_status":"closed","ping_status":"closed","template":"","meta":[],"product_cat":[123,122],"product_tag":[],"_links":{"self":[{"href":"https:\/\/test.sunday.ma\/index.php\/wp-json\/wp\/v2\/product\/10743"}],"collection":[{"href":"https:\/\/test.sunday.ma\/index.php\/wp-json\/wp\/v2\/product"}],"about":[{"href":"https:\/\/test.sunday.ma\/index.php\/wp-json\/wp\/v2\/types\/product"}],"replies":[{"embeddable":true,"href":"https:\/\/test.sunday.ma\/index.php\/wp-json\/wp\/v2\/comments?post=10743"}],"wp:featuredmedia":[{"embeddable":true,"href":"https:\/\/test.sunday.ma\/index.php\/wp-json\/wp\/v2\/media\/10744"}],"wp:attachment":[{"href":"https:\/\/test.sunday.ma\/index.php\/wp-json\/wp\/v2\/media?parent=10743"}],"wp:term":[{"taxonomy":"product_cat","embeddable":true,"href":"https:\/\/test.sunday.ma\/index.php\/wp-json\/wp\/v2\/product_cat?post=10743"},{"taxonomy":"product_tag","embeddable":true,"href":"https:\/\/test.sunday.ma\/index.php\/wp-json\/wp\/v2\/product_tag?post=10743"}],"curies":[{"name":"wp","href":"https:\/\/api.w.org\/{rel}","templated":true}]}}