{"id":10293,"date":"2023-09-13T22:42:06","date_gmt":"2023-09-13T22:42:06","guid":{"rendered":"https:\/\/test.sunday.ma\/?post_type=product&#038;p=10293"},"modified":"2023-12-11T09:51:09","modified_gmt":"2023-12-11T09:51:09","slug":"lot-de-2-saucieres-en-verres","status":"publish","type":"product","link":"https:\/\/test.sunday.ma\/index.php\/product\/lot-de-2-saucieres-en-verres\/","title":{"rendered":"lot de 2 saucieres en verres"},"content":{"rendered":"<div class=\"elementor-element elementor-element-0c1843d elementor-widget elementor-widget-heading\" data-id=\"0c1843d\" data-element_type=\"widget\" data-widget_type=\"heading.default\">\n<div class=\"elementor-widget-container\">\n<h3 class=\"elementor-heading-title elementor-size-default\">La transparence au service de la gourmandise !<\/h3>\n<\/div>\n<\/div>\n<div class=\"elementor-element elementor-element-a1aea77 elementor-widget elementor-widget-text-editor\" data-id=\"a1aea77\" data-element_type=\"widget\" data-widget_type=\"text-editor.default\">\n<div class=\"elementor-widget-container\">\n<p>Notre sauci\u00e8re en verre offre une pr\u00e9sentation \u00e9l\u00e9gante \u00e0 vos sauces pr\u00e9f\u00e9r\u00e9es. Sa transparence permet de mettre en valeur les couleurs et textures de vos cr\u00e9ations culinaires. Pratique et facile \u00e0 utiliser, cette sauci\u00e8re est un indispensable pour les amateurs de cuisine. Apportez une touche de raffinement \u00e0 vos repas avec notre sauci\u00e8re en verre.<img fetchpriority=\"high\" decoding=\"async\" class=\"alignnone size-medium wp-image-10295\" src=\"https:\/\/sunday.ma\/wp-content\/uploads\/2023\/09\/sauc-300x300.webp\" alt=\"\" width=\"300\" height=\"300\" \/><\/p>\n<\/div>\n<\/div>\n","protected":false},"excerpt":{"rendered":"<p>Cette\u00a0<strong>sauci\u00e8re en verre<\/strong>\u00a0est\u00a0<strong>pratique et chic<\/strong>. Elle est parfaite pour servir vos\u00a0<strong>sauces<\/strong>\u00a0et vos\u00a0<strong>condiments<\/strong>\u00a0dans toutes les occasions ! Elle est con\u00e7ue dans une\u00a0<strong>mati\u00e8re transparente<\/strong>\u00a0qui permet d\u2019appr\u00e9cier la couleur de votre\u00a0<strong>sauce<\/strong>\u00a0au naturel. L\u2019effet\u00a0<strong>verre<\/strong>\u00a0donne un style\u00a0<strong>moderne<\/strong>\u00a0\u00e0 cette sauci\u00e8re. Elle est\u00a0<strong>vendu par 2<\/strong>.<\/p>\n","protected":false},"featured_media":10294,"comment_status":"closed","ping_status":"closed","template":"","meta":[],"product_cat":[121],"product_tag":[],"_links":{"self":[{"href":"https:\/\/test.sunday.ma\/index.php\/wp-json\/wp\/v2\/product\/10293"}],"collection":[{"href":"https:\/\/test.sunday.ma\/index.php\/wp-json\/wp\/v2\/product"}],"about":[{"href":"https:\/\/test.sunday.ma\/index.php\/wp-json\/wp\/v2\/types\/product"}],"replies":[{"embeddable":true,"href":"https:\/\/test.sunday.ma\/index.php\/wp-json\/wp\/v2\/comments?post=10293"}],"wp:featuredmedia":[{"embeddable":true,"href":"https:\/\/test.sunday.ma\/index.php\/wp-json\/wp\/v2\/media\/10294"}],"wp:attachment":[{"href":"https:\/\/test.sunday.ma\/index.php\/wp-json\/wp\/v2\/media?parent=10293"}],"wp:term":[{"taxonomy":"product_cat","embeddable":true,"href":"https:\/\/test.sunday.ma\/index.php\/wp-json\/wp\/v2\/product_cat?post=10293"},{"taxonomy":"product_tag","embeddable":true,"href":"https:\/\/test.sunday.ma\/index.php\/wp-json\/wp\/v2\/product_tag?post=10293"}],"curies":[{"name":"wp","href":"https:\/\/api.w.org\/{rel}","templated":true}]}}